36.
119
Let r = 34 + -26. Let k(o) = 533 + 3*o**2 - 277 - 14*o - 267 - o**2. Calculate the remainder when 5 is divided by k(r).
0
Suppose -25*c + 35*c - 10 = 0. Let a(i) = -i**3 - 5*i**2 - i - 8. Let w be a(-4). Let f = -17 - w. Calculate the remainder when f is divided by c.
0
Suppose 2375 = -385*v + 27400. Calculate the remainder when 814 is divided by v.
34
Let r(u) = u**2 - u - 656. What is the remainder when r(-32) is divided by 86?
56
Suppose 2528 - 7847 = -9*g. Suppose 0 = 29*m - 25*m - 396. What is the remainder when g is divided by m?
96
Let a(t) = -t**3 - 17*t**2 + 16*t - 10. Calculate the remainder when 118 is divided by a(-18).
14
Let t = 70 - 64. Let s(c) = -c**3 + 5*c**2 + 9*c - 10. Let x be s(t). What is the remainder when 29 is divided by (-26 + 2)*(-2 + x/6)?
13
Suppose -62915 - 66253 = -4*m - 35*m. What is the remainder when m is divided by 15?
12
Let f(k) = -8*k**3 + 2*k**2 + 2*k + 1. Let w(m) = -5*m - 201. Let v be w(-39). Calculate the remainder when (-1581)/(-45) + v/45 is divided by f(-1).
8
Let c be 32/144 + (-4)/18. Suppose c = v + 11*v - 228. What is the remainder when 149 is divided by v?
16
What is the remainder when 9116 is divided by 13 + -2 + (504/(-24) - -170)?
156
Let d be (0 + -3 - -4)/1*0. Suppose -10*l + 20 - 50 = d. Calculate the remainder when (0 + (-166)/6)/(l/9) is divided by 15.
8
Let y(w) = -26*w - 60. Let k be y(-5). Let j = 80 - k. What is the remainder when 29 is divided by j?
9
Let l(b) = -13*b - 3. Let i(j) = -2*j + 0 + j**2 - j**3 - 2 - 1 - j + 11. What is the remainder when l(-3) is divided by i(0)?
4
Let n = -9 + 3. Let z(h) = -2*h + 4. Let m be z(-7). Let q = n + m. Calculate the remainder when 46 is divided by q.
10
Suppose 8*h = -4*z + 9*h + 60, 2*h + 50 = 3*z. Calculate the remainder when 4493 is divided by z.
13
Suppose 4*h - 2*h = 0. Let q(s) = 3*s + 2. Let o be q(h). Suppose -y + 144 = o*y. What is the remainder when y is divided by 13?
9
Let h be (-3 + 1)*(-18)/(-1). Let q = 64 - h. Let l = 1476 - 1442. Calculate the remainder when q is divided by l.
32
Suppose -5*x + 17 = -3. What is the remainder when (-2)/28 + (-118668)/(-1624) is divided by (-3)/(-12) + 75/x?
16
Suppose 0 = -3*v - 142 + 52. What is the remainder when 1515/39 + (v/65)/(-3) is divided by 10?
9
Suppose -11*o = 6*o + 14*o - 2108. Let d(q) = -8*q**2 - 2*q**3 + 3*q**3 + 2*q + 0*q**3 - 2. What is the remainder when o is divided by d(8)?
12
Suppose 3*w = -3*o + 3 + 6, -4*o + 3 = 3*w. Let z(i) = -10*i**2 + 13*i + i**3 - 8 + 2 - 5. Calculate the remainder when 97 is divided by z(w).
22
Suppose -129 = o + 83. Let x = -152 - o. What is the remainder when 177 is divided by x?
57
Let z(w) = w**3 - 5*w**2 - 10*w - 22. Let m = -78 + 85. Let r be z(m). Let s(j) = 21*j + 4. Calculate the remainder when s(r) is divided by 33.
31
Let w(u) = 43 + u**3 - 20 - 20 - 3*u**2 + 2*u. Calculate the remainder when 134 is divided by w(3).
8
Let y(g) = 130*g - 1012. What is the remainder when 85 is divided by y(8)?
1
Let y be -3 + -3*(0 - 2). Suppose -y*v - 1 = -s - 23, 0 = 2*s + 8. Suppose v*c - 62 = 16. What is the remainder when 46 is divided by c?
7
Let u(n) = 9*n - 8. Let d(s) = 12*s + 54. Let p be d(8). Suppose -p + 42 = -9*m. Calculate the remainder when u(6) is divided by m.
10
Suppose -86*p + 76*p + 260 = 0. Suppose 753 + 1 = p*y. Calculate the remainder when y is divided by 16.
13
Suppose -3*n - 281 = -7*l + 2*l, -4*n + 212 = 4*l. Let j = 68 - l. Suppose 0 = -4*r - j*r + 714. What is the remainder when r is divided by 15?
12
Suppose 0 = -5*h - u + 160, h + u + 7 - 39 = 0. Let f(c) = 19*c**2 + 14*c - 8. What is the remainder when f(-3) is divided by h?
25
Let a = -5 + -8. Let u(n) = -2*n**2 - 30*n + 12. Let h be u(a). Let s = h + -51. Calculate the remainder when 17 is divided by s.
4
Suppose -6*f + 11 = -5*f. Suppose -12*s = -f*s + 2. What is the remainder when 14 - ((-4 - -2) + s) is divided by 3?
0
Let d(g) = 0 - 3 + 0 - 8*g. Let n = -575946 - -575953. What is the remainder when d(-2) is divided by n?
6
Let y(b) = -2*b**2 - 116*b + 1225. What is the remainder when y(-59) is divided by 261?
63
Let k = 21337 + -21126. What is the remainder when 4218 is divided by k?
209
Suppose 1371*m = 1431*m - 1800. Let b = -93 - -137. What is the remainder when b is divided by m?
14
Suppose 2*b = -g + 89, 5*b = 5*g + 83 - 498. Suppose 31 = 4*f - g. Let v = 153 + -137. Calculate the remainder when f is divided by v.
13
Suppose 62*y = -1234 + 3714. What is the remainder when y is divided by 18?
4
Suppose 0 = 43*u - 6196 + 1036. What is the remainder when 570 is divided by u?
90
Let i = 32800 - 15132. Calculate the remainder when i is divided by 310.
308
Suppose -s + 6*d - 5*d + 2 = 0, -s - 4*d = -12. Suppose -2*j = -2, -t + 245 = s*t + 5*j. What is the remainder when t is divided by (2/4)/((-5)/(-30))?
0
Suppose 0*v - 3*f + 450 = 4*v, 0 = f - 2. Suppose 69*c - 54*c = 45. Suppose -d + 60 = 4*u - 3*d, 0 = u + c*d - 22. What is the remainder when v is divided by u?
15
Suppose -3*g + 433 = 5*y, 2*g = -3*y + 223 + 66. Calculate the remainder when 733 is divided by g.
3
Let o = 1 - -5. Let k(r) = 8*r - 8. Let v(u) = -u**3 - 152*u**2 + 161*u + 1238. Calculate the remainder when k(o) is divided by v(-153).
12
Let l = -285 + 260. What is the remainder when 1 + 3 + l + 34 is divided by 6?
1
Let f be (30 + -27)*(-1 + 40/3). Suppose -5*s = -428 - f. Calculate the remainder when s is divided by 30.
3
Let t = 17 - 5. Let k be 0 + (1 - t) + -1 + 2. Let j(o) = -3*o - 11. What is the remainder when 54 is divided by j(k)?
16
Suppose 0 = -21*j + 5986 + 5858. Suppose 2*s - c - j = -159, -c - 610 = -3*s. What is the remainder when s is divided by 52?
49
What is the remainder when 10302 is divided by -13*(-190)/247 - -4?
12
Suppose 10*k - 5*k - d - 58 = 0, -5*k - 4*d + 68 = 0. Let s = 15 + 34. Let o = s - -118. Calculate the remainder when o is divided by k.
11
Suppose 202 - 77 = 5*b. Suppose 0 = -w + 4. Suppose -w*r + 8*r = -4*u + 156, 4*u - 190 = -5*r. Calculate the remainder when r is divided by b.
9
Suppose 0 = 5*s - 4*s - 12. Let h(q) = 42*q + 681. Calculate the remainder when h(-12) is divided by s.
9
Let x = 191 - 79. Let w = 3267 - 3225. Calculate the remainder when x is divided by w.
28
Suppose -3*a + 2*g = -184 - 68, -2*a + 4*g + 168 = 0. Let t = 7288 - 7271. Calculate the remainder when a is divided by t.
16
Let k be (22/(-11))/(2/(-4)). Suppose 3*t - 118 + 29 = k*c, -2*c = t - 43. Let s(o) = -o**2 + 10*o + 48. Calculate the remainder when t is divided by s(13).
8
Suppose -112 + 108 = g. What is the remainder when ((-1 - g)*123)/(3 - 2) is divided by 34?
29
Let o = -1 + 16. Let k be (-6)/o + (-4)/(-20)*2. Suppose 2 = -t, 0*j - 3*j - 5*t + 71 = k. Calculate the remainder when 106 is divided by j.
25
Let w = -50 + 119. Calculate the remainder when w is divided by 3 + (-8)/(1 - 2) + -255 + 254.
9
Suppose 17 = 2*y + 5*x, -2*x - 3*x + 14 = -y. Let q(z) = -z**3 + 5*z**2 - 2*z - 1. Calculate the remainder when q(4) is divided by (-2 + y)/(7 + -10)*18.
1
Let o = 115509 - 115490. Suppose 2*a - 4*a - 845 = -5*k, 0 = a. Calculate the remainder when k is divided by o.
17
Suppose -669 + 5309 = 145*x. What is the remainder when 701 is divided by x?
29
Suppose -8*l = 7*l - 750. Let f = l - -8. What is the remainder when f is divided by 27?
4
Let c(f) = -f**3 - 59*f**2 + 75*f + 399. Calculate the remainder when c(-62) is divided by 11.
10
Suppose -i + 7 = -2*l + 3*l, l - 3 = 3*i. What is the remainder when (-5 + (-111)/l)*-2 is divided by 26?
21
Suppose 169 = 3*f - 50*w + 54*w, 0 = 2*f + 3*w - 113. What is the remainder when 4045 is divided by f?
30
Suppose -574 = 6*i - 754. Calculate the remainder when 1227 is divided by i.
27
Let l be (-20)/2*(-4)/24*39. Suppose l - 25 = 4*b. Suppose -8 = -4*i - 2*p, 0 = 4*p + 2 + 6. Calculate the remainder when b is divided by i.
1
Suppose 10*k + 11*k = 42294. What is the remainder when 10/(80/k) + (-6)/8 is divided by 16?
11
Suppose -6664 = 8*q - 22648. What is the remainder when q is divided by 994?
10
Suppose 3*y + w = 12, 6 + 10 = 4*y + 5*w. Let z(n) = -4*n**3 + 9*n**2 + 18*n - 1. What is the remainder when z(-2) is divided by y?
3
Suppose q = 5*s - 4814, 4*s - 2222 = -5*q + 1635. Calculate the remainder when s is divided by 37.
1
Sup